{"id":58,"date":"2021-03-01T22:07:18","date_gmt":"2021-03-01T21:07:18","guid":{"rendered":"http:\/\/sds-izdebki.bip7.pl\/?page_id=58"},"modified":"2021-03-01T22:07:18","modified_gmt":"2021-03-01T21:07:18","slug":"instrukcja-obslugi","status":"publish","type":"page","link":"http:\/\/bip.sdsizdebki.pl\/index.php\/instrukcja-obslugi\/","title":{"rendered":"Instrukcja obs\u0142ugi"},"content":{"rendered":"<h5>Instrukcja korzystania z Biuletynu Informacji Publicznej.<\/h5>\n<h6>Biuletyn Informacji Publicznej to urz\u0119dowy publikator teleinformatyczny stworzony w celu powszechnego udost\u0119pniania informacji publicznej w postaci elektronicznej w sieci internet.<br \/>\nZagadnienia formalno-prawne<br \/>\nStrona podmiotowa BIP jest prowadzona zgodnie z obowi\u0105zuj\u0105cymi aktami prawnymi, tj.:<br \/>\nUstaw\u0105 z dnia 6 wrze\u015bnia 2001 r. o dost\u0119pie do informacji publicznej (Dz.U. 2018 poz. 1330)<br \/>\nRozporz\u0105dzeniem Ministra Spraw Wewn\u0119trznych i Administracji z dnia 18 stycznia 2007 r. w sprawie Biuletynu Informacji Publicznej (Dz.U. 2007 nr 10 poz. 68)<br \/>\nSpe\u0142nia tak\u017ce minimalne wymagania dla system\u00f3w teleinformatycznych okre\u015blone w Rozporz\u0105dzeniu Rady Ministr\u00f3w z dnia 12 kwietnia 2012 r. w sprawie Krajowych Ram Interoperacyjno\u015bci, minimalnych wymaga\u0144 dla rejestr\u00f3w publicznych i wymiany informacji w postaci elektronicznej oraz minimalnych wymaga\u0144 dla system\u00f3w teleinformatycznych (Dz.U. 2017 poz. 2247)<br \/>\nZawarto\u015b\u0107 Biuletynu Informacji Publicznej<br \/>\nTre\u015bci zgromadzone na stronach BIP s\u0105 udost\u0119pniane w jako\u015bci nie pozostawiaj\u0105cej w\u0105tpliwo\u015bci co do ich zawarto\u015bci. Ka\u017cda informacja publiczna zosta\u0142a szczeg\u00f3\u0142owo oznaczona w metryce poprzez pola:<br \/>\nInformacja wytworzona przez ? zosta\u0142a podana w informacji to\u017csamo\u015b\u0107 osoby, kt\u00f3ra wytworzy\u0142a informacj\u0119 lub odpowiada za tre\u015b\u0107 informacji wraz z dat\u0105 wykonania tej operacji,<br \/>\nInformacja opublikowana w BIP przez ? zosta\u0142a podana w informacji to\u017csamo\u015b\u0107 osoby, kt\u00f3ra wprowadzi\u0142a informacj\u0119 do Biuletynu Informacji Publicznej wraz z dat\u0105 wykonania tej operacji.<br \/>\nPoruszanie si\u0119 po stronie podmiotowej BIP umo\u017cliwia: Nag\u0142\u00f3wek BIP, Menu u\u017cytkownika, Pole prezentacji tre\u015bci oraz Stopka BIP.<br \/>\nNag\u0142\u00f3wek BIP to g\u00f3rna cz\u0119\u015b\u0107 BIP. Jest niezmienna na ka\u017cdej stronie i podstronie BIP. Sk\u0142ada si\u0119 z paska u\u0142atwiaj\u0105ce korzystanie z BIP osobom s\u0142abo widz\u0105cym. Zawiera nazw\u0119 podmiotu prowadz\u0105cego podmiotow\u0105 stron\u0119 BIP i udost\u0119pniaj\u0105cego informacj\u0119, herb (je\u017celi podmiot prowadz\u0105cy BIP posiada) oraz znak graficzny Biuletynu Informacji Publicznej. Logo BIP jest odno\u015bnikiem do strony www.bip.gov.pl.<br \/>\nMenu przedmiotowe znajduj\u0105ce si\u0119 po lewej stronie ekranu. Jest ono podzielone na kategorie oraz rozwijaj\u0105ce si\u0119 podkategorie, nad menu znajduje si\u0119 okno wyszukiwarki umo\u017cliwiaj\u0105ce przeszukiwanie zasob\u00f3w BIP<br \/>\nMenu przedmiotowe umo\u017cliwiaj\u0105ce odnalezienie informacji publicznych. Menu sk\u0142ada si\u0119 ze stron g\u0142\u00f3wnych oraz podstron dost\u0119pnych w menu z lewej strony. Kluczowym elementem, wykorzystywanym w celu pozyskiwania informacji znajduj\u0105cych si\u0119 w BIP, jest menu g\u0142\u00f3wne znajduj\u0105ce si\u0119 po lewej stronie. Wy\u015bwietlane jest ono na ka\u017cdej stronie serwisu, w postaci kolumny, po lewej stronie ekranu. Jest to menu podmiotowe i przedmiotowe podzielone na kilka dzia\u0142\u00f3w tematycznych, zwi\u0105zanych z udost\u0119pnianymi informacjami.<br \/>\nPole prezentacji tre\u015bci to najwi\u0119ksza cz\u0119\u015b\u0107 BIP, znajduj\u0105ca si\u0119 w \u015brodkowej cz\u0119\u015bci ekranu. S\u0142u\u017cy do prezentacji opublikowanych tre\u015bci (informacji publicznych).<br \/>\nW Biuletynie opr\u00f3cz tre\u015bci bezpo\u015brednio podanych na stronie, znajduj\u0105 si\u0119 r\u00f3wnie\u017c informacje do\u0142\u0105czone w postaci plik\u00f3w do pobrania. Stopka BIP to dolna cz\u0119\u015b\u0107 Biuletynu. Jest niezmienna na ka\u017cdej stronie i podstronie BIP.<\/h6>\n","protected":false},"excerpt":{"rendered":"<p>Instrukcja korzystania z Biuletynu Informacji Publicznej. Biuletyn Informacji Publicznej to urz\u0119dowy publikator teleinformatyczny stworzony w celu powszechnego udost\u0119pniania informacji publicznej w postaci elektronicznej w sieci internet. Zagadnienia formalno-prawne Strona podmiotowa BIP jest prowadzona zgodnie z obowi\u0105zuj\u0105cymi aktami prawnymi, tj.: Ustaw\u0105 z dnia 6 wrze\u015bnia 2001 r. o dost\u0119pie do informacji publicznej (Dz.U. 2018 poz. 1330) [&hellip;]<\/p>\n","protected":false},"author":1,"featured_media":0,"parent":0,"menu_order":0,"comment_status":"closed","ping_status":"closed","template":"","meta":[],"_links":{"self":[{"href":"http:\/\/bip.sdsizdebki.pl\/index.php\/wp-json\/wp\/v2\/pages\/58"}],"collection":[{"href":"http:\/\/bip.sdsizdebki.pl\/index.php\/wp-json\/wp\/v2\/pages"}],"about":[{"href":"http:\/\/bip.sdsizdebki.pl\/index.php\/wp-json\/wp\/v2\/types\/page"}],"author":[{"embeddable":true,"href":"http:\/\/bip.sdsizdebki.pl\/index.php\/wp-json\/wp\/v2\/users\/1"}],"replies":[{"embeddable":true,"href":"http:\/\/bip.sdsizdebki.pl\/index.php\/wp-json\/wp\/v2\/comments?post=58"}],"version-history":[{"count":0,"href":"http:\/\/bip.sdsizdebki.pl\/index.php\/wp-json\/wp\/v2\/pages\/58\/revisions"}],"wp:attachment":[{"href":"http:\/\/bip.sdsizdebki.pl\/index.php\/wp-json\/wp\/v2\/media?parent=58"}],"curies":[{"name":"wp","href":"https:\/\/api.w.org\/{rel}","templated":true}]}}